
   {"id":900,"date":"2025-11-30T13:42:48","date_gmt":"2025-11-30T13:42:48","guid":{"rendered":"https:\/\/pluralizar.org\/?post_type=ponencia&#038;p=900"},"modified":"2025-11-30T13:42:49","modified_gmt":"2025-11-30T13:42:49","slug":"etiologias-ancestrales-de-la-neurodiversidad-pluralizando-la-imaginacion-politica-en-la-especulacion-cientifica","status":"publish","type":"ponencia","link":"https:\/\/pluralizar.org\/index.php\/ponencia\/etiologias-ancestrales-de-la-neurodiversidad-pluralizando-la-imaginacion-politica-en-la-especulacion-cientifica\/","title":{"rendered":"Etiolog\u00edas ancestrales de la neurodiversidad. Pluralizando la imaginaci\u00f3n pol\u00edtica en la especulaci\u00f3n cient\u00edfica"},"content":{"rendered":"\n<p><strong><em>Hugo Sir R., (2025). \u201cEtiolog\u00edas ancestrales. Especulaci\u00f3n cient\u00edfica, imaginaci\u00f3n pol\u00edtica y la relevancia epist\u00e9mica de la co-construcci\u00f3n del conocimiento.\u201d [Ancestral etiologies. Scientific speculation, political imagination and the epistemic relevance of the co-construction of knowledge]. XII Encuentro CTS-Chile (Valpara\u00edso, Chile, 6-8 January).<\/em><\/strong><\/p>\n\n\n\n<p>Mi presentaci\u00f3n tendr\u00e1 una forma ligeramente diferente a la acostumbrada en una ponencia. Me gustar\u00eda pensarla como un ejercicio anal\u00edtico en directo. Es decir, tiene el af\u00e1n de m\u00e1s que argumentar unas determinadas premisas, de mostrar y hacer ver las posibilidades de un desplazamiento en el modo o en la forma de hacer cr\u00edtica a los diagn\u00f3sticos o categor\u00edas m\u00e9dicas. En particular, me referir\u00e9 a unos enunciados m\u00e9dicocient\u00edficos singulares que postulan un origen evolutivo para ciertos rasgos que han sido descrito como cuadros cl\u00ednicos y\/o reivindicados como neurodiversidades. Hip\u00f3tesis etiol\u00f3gicas que, m\u00e1s o menos expl\u00edcitamente, han cimentado el reconocimiento m\u00e1s amplio de otras formas de cognici\u00f3n como leg\u00edtimas, pero cuyos efectos y pol\u00edtica son, en el mejor de los casos, ambiguos y en el peor terminan por reforzar, probablemente sin desearlo, otros vectores de desigualdad e injusticia social.<\/p>\n\n\n\n<div class=\"wp-block-pdfjsblock-pdfjs-embed pdfjs-wrapper\"><\/div>\n","protected":false},"excerpt":{"rendered":"<p>Hugo Sir R., (2025). \u201cEtiolog\u00edas ancestrales. Especulaci\u00f3n cient\u00edfica, imaginaci\u00f3n pol\u00edtica y la relevancia epist\u00e9mica de la co-construcci\u00f3n del conocimiento.\u201d [Ancestral etiologies. Scientific speculation, political imagination and the epistemic relevance of the co-construction of knowledge]. XII Encuentro CTS-Chile (Valpara\u00edso, Chile, 6-8 January). Mi presentaci\u00f3n tendr\u00e1 una forma ligeramente diferente a la acostumbrada en una ponencia. Me [&hellip;]<\/p>\n","protected":false},"author":2,"featured_media":0,"menu_order":0,"template":"","format":"standard","meta":{"_acf_changed":true},"categories":[25],"tags":[],"class_list":["post-900","ponencia","type-ponencia","status-publish","format-standard","hentry","category-ponencias"],"acf":{"autor_de_la_publicacion":{"simple_value_formatted":"Hugo Sir R.","value_formatted":"Hugo Sir R.","value":"Hugo Sir R.","field":{"ID":268,"key":"field_68497f4bb77ce","label":"Autor de la Publicaci\u00f3n","name":"autor_de_la_publicacion","aria-label":"","prefix":"acf","type":"text","value":null,"menu_order":0,"instructions":"","required":0,"id":"","class":"","conditional_logic":0,"parent":267,"wrapper":{"width":"","class":"","id":""},"default_value":"autor_de_la_publicacion","maxlength":"","allow_in_bindings":0,"placeholder":"","prepend":"","append":"","_name":"autor_de_la_publicacion","_valid":1}}},"_links":{"self":[{"href":"https:\/\/pluralizar.org\/index.php\/wp-json\/wp\/v2\/ponencia\/900","targetHints":{"allow":["GET"]}}],"collection":[{"href":"https:\/\/pluralizar.org\/index.php\/wp-json\/wp\/v2\/ponencia"}],"about":[{"href":"https:\/\/pluralizar.org\/index.php\/wp-json\/wp\/v2\/types\/ponencia"}],"author":[{"embeddable":true,"href":"https:\/\/pluralizar.org\/index.php\/wp-json\/wp\/v2\/users\/2"}],"wp:attachment":[{"href":"https:\/\/pluralizar.org\/index.php\/wp-json\/wp\/v2\/media?parent=900"}],"wp:term":[{"taxonomy":"category","embeddable":true,"href":"https:\/\/pluralizar.org\/index.php\/wp-json\/wp\/v2\/categories?post=900"},{"taxonomy":"post_tag","embeddable":true,"href":"https:\/\/pluralizar.org\/index.php\/wp-json\/wp\/v2\/tags?post=900"}],"curies":[{"name":"wp","href":"https:\/\/api.w.org\/{rel}","templated":true}]}}

Etiologías ancestrales de la neurodiversidad. Pluralizando la imaginación política en la especulación científica

<p><strong><em>Hugo Sir R., (2025). “Etiologías ancestrales. Especulación científica, imaginación política y la relevancia epistémica de la co-construcción del conocimiento.” [Ancestral etiologies. Scientific speculation, political imagination and the epistemic relevance of the co-construction of knowledge]. XII Encuentro CTS-Chile (Valparaíso, Chile, 6-8 January).</em></strong></p>



<p>Mi presentación tendrá una forma ligeramente diferente a la acostumbrada en una ponencia. Me gustaría pensarla como un ejercicio analítico en directo. Es decir, tiene el afán de más que argumentar unas determinadas premisas, de mostrar y hacer ver las posibilidades de un desplazamiento en el modo o en la forma de hacer crítica a los diagnósticos o categorías médicas. En particular, me referiré a unos enunciados médicocientíficos singulares que postulan un origen evolutivo para ciertos rasgos que han sido descrito como cuadros clínicos y/o reivindicados como neurodiversidades. Hipótesis etiológicas que, más o menos explícitamente, han cimentado el reconocimiento más amplio de otras formas de cognición como legítimas, pero cuyos efectos y política son, en el mejor de los casos, ambiguos y en el peor terminan por reforzar, probablemente sin desearlo, otros vectores de desigualdad e injusticia social.</p>



<div class="wp-block-pdfjsblock-pdfjs-embed pdfjs-wrapper"></div>

<p>Hugo Sir R., (2025). “Etiologías ancestrales. Especulación científica, imaginación política y la relevancia epistémica de la co-construcción del conocimiento.” [Ancestral etiologies. Scientific speculation, political imagination and the epistemic relevance of the co-construction of knowledge]. XII Encuentro CTS-Chile (Valparaíso, Chile, 6-8 January). Mi presentación tendrá una forma ligeramente diferente a la acostumbrada en una ponencia. Me [&hellip;]</p>

Autor de la Publicación
