
   {"id":475,"date":"2025-07-06T22:31:42","date_gmt":"2025-07-06T22:31:42","guid":{"rendered":"https:\/\/pluralizar.org\/?page_id=475"},"modified":"2026-04-20T16:58:51","modified_gmt":"2026-04-20T16:58:51","slug":"podcast","status":"publish","type":"page","link":"https:\/\/pluralizar.org\/index.php\/podcast\/","title":{"rendered":"Podcast"},"content":{"rendered":"\n<p>Este podcast es una <em>investigaci\u00f3n en vivo.<\/em><\/p>\n\n\n\n<p>Una investigaci\u00f3n sobre Neurodiversidad, Imaginaci\u00f3n Pol\u00edtica y Especulaci\u00f3n Cient\u00edfica.<\/p>\n\n\n\n<p>Este podcast se llama PLURALIZAR<\/p>\n\n\n\n<p>Pluralizar es tambi\u00e9n un Grupo de Estudios al interior del Departamento de Mediaciones y Subjetividades de la Universidad de Playa Ancha.<\/p>\n\n\n\n<p>Cada cap\u00edtulo contar\u00e1 con una pregunta que nos orientar\u00e1 y nos acompa\u00f1ar\u00e1 en la exploraci\u00f3n de los materiales para terminar cada episodio, no tanto con una respuesta, sino <em>con una mejor pregunta.<\/em><\/p>\n\n\n\n<p>El primer episodio parte <em>en el medio<\/em> de lo que ser\u00e1 nuestra inquietud a lo largo de los seis episodios de la temporada: la relaci\u00f3n que la psiquiatr\u00eda y la psicolog\u00eda evolucionista establecen entre grupos de humanos ancestrales y las categor\u00edas de neurodivergencia contempor\u00e1neas.<\/p>\n\n\n\n<p>\u00bfC\u00f3mo se arman esos puentes? \u00bfC\u00f3mo se describen los ambientes y grupos de hace m\u00e1s 40.000 a\u00f1os atr\u00e1s? \u00bfQu\u00e9 influencias tienen dichas narrativas sobre las comunidades y personas diagnosticadas o que reivindican condiciones como el Trastorno por D\u00e9ficit de Atenci\u00f3n o el Autismo?<\/p>\n\n\n\n<p>Y se centra en la siguiente pregunta:<\/p>\n\n\n\n<p>\u00bfQu\u00e9 relaciones habr\u00eda entre grupos humanos ancestrales y nuestra constituci\u00f3n ps\u00edquica?<\/p>\n\n\n\n<div class=\"wp-block-buttons is-layout-flex wp-block-buttons-is-layout-flex\" style=\"padding-top:0;padding-bottom:0\">\n<div class=\"wp-block-button has-custom-width wp-block-button__width-50\"><a class=\"wp-block-button__link has-base-color has-text-color has-link-color wp-element-button\" href=\"https:\/\/open.spotify.com\/show\/6ZWT5vfqzbDEbkbMl3X5mk\" style=\"padding-top:var(--wp--preset--spacing--20);padding-bottom:var(--wp--preset--spacing--20)\">Ir al Podcast en Spotify<\/a><\/div>\n<\/div>\n\n\n\n<hr class=\"wp-block-separator has-alpha-channel-opacity is-style-wide\" style=\"margin-bottom:var(--wp--preset--spacing--40)\"\/>\n\n\n\n<div class=\"wp-block-query has-global-padding is-layout-constrained wp-block-query-is-layout-constrained\"><ul class=\"columns-2 wp-block-post-template is-layout-grid wp-container-core-post-template-is-layout-d486d538 wp-block-post-template-is-layout-grid\"><li class=\"wp-block-post post-999 podcast type-podcast status-publish format-standard hentry\">\n\n<div class=\"wp-block-group wow animate__animated animate__slideInUp entrada-archivo has-border-color has-primary-border-color has-base-background-color has-background has-global-padding is-layout-constrained wp-container-core-group-is-layout-b8e23c41 wp-block-group-is-layout-constrained\" style=\"border-width:1px;border-radius:0px;margin-top:0;margin-bottom:var(--wp--preset--spacing--20);padding-top:var(--wp--preset--spacing--20);padding-right:var(--wp--preset--spacing--20);padding-bottom:var(--wp--preset--spacing--20);padding-left:var(--wp--preset--spacing--20)\">\n<div class=\"wp-block-group has-global-padding is-layout-constrained wp-container-core-group-is-layout-990378a1 wp-block-group-is-layout-constrained\">\n\n\n<div class=\"wp-block-group is-layout-flow wp-block-group-is-layout-flow\" style=\"padding-right:0;padding-left:0\"><h2 style=\"font-size:clamp(1.453rem, 1.453rem + ((1vw - 0.2rem) * 1.184), 2.4rem);font-style:normal;font-weight:700;line-height:1; padding-top:var(--wp--preset--spacing--10);padding-bottom:var(--wp--preset--spacing--10);\" class=\"titulo-entrada-archivo wp-block-post-title\"><a href=\"https:\/\/pluralizar.org\/index.php\/podcast\/2-capitulo-como-monos-deprimidos\/\" target=\"_self\" >2 Cap\u00edtulo: Como monos deprimidos<\/a><\/h2>\n\n<div class=\"is-acf-field wp-block-mfb-meta-field-block\"><div class=\"value\"><iframe title=\"Spotify Embed: Como monos deprimidos\" style=\"border-radius: 12px\" width=\"100%\" height=\"152\" frameborder=\"0\" allowfullscreen allow=\"autoplay; clipboard-write; encrypted-media; fullscreen; picture-in-picture\" loading=\"lazy\" src=\"https:\/\/open.spotify.com\/embed\/episode\/7uhgxxJDbczjWtP9kvHkQJ?si=HRvCP-TDSzC7R5bbyO2zZA&amp;utm_source=oembed\"><\/iframe><\/div><\/div>\n\n\n<div class=\"wp-block-columns is-layout-flex wp-container-core-columns-is-layout-28f84493 wp-block-columns-is-layout-flex\">\n<div class=\"wp-block-column caja-etiquetas has-border-color has-primary-border-color is-layout-flow wp-block-column-is-layout-flow\" style=\"border-style:solid;border-width:1px;padding-top:0.5rem;padding-right:0.5rem;padding-bottom:0.5rem;padding-left:0.5rem\"><\/div>\n<\/div>\n<\/div>\n<\/div>\n<\/div>\n\n<\/li><li class=\"wp-block-post post-957 podcast type-podcast status-publish format-standard hentry category-podcast\">\n\n<div class=\"wp-block-group wow animate__animated animate__slideInUp entrada-archivo has-border-color has-primary-border-color has-base-background-color has-background has-global-padding is-layout-constrained wp-container-core-group-is-layout-b8e23c41 wp-block-group-is-layout-constrained\" style=\"border-width:1px;border-radius:0px;margin-top:0;margin-bottom:var(--wp--preset--spacing--20);padding-top:var(--wp--preset--spacing--20);padding-right:var(--wp--preset--spacing--20);padding-bottom:var(--wp--preset--spacing--20);padding-left:var(--wp--preset--spacing--20)\">\n<div class=\"wp-block-group has-global-padding is-layout-constrained wp-container-core-group-is-layout-990378a1 wp-block-group-is-layout-constrained\">\n\n\n<div class=\"wp-block-group is-layout-flow wp-block-group-is-layout-flow\" style=\"padding-right:0;padding-left:0\"><h2 style=\"font-size:clamp(1.453rem, 1.453rem + ((1vw - 0.2rem) * 1.184), 2.4rem);font-style:normal;font-weight:700;line-height:1; padding-top:var(--wp--preset--spacing--10);padding-bottom:var(--wp--preset--spacing--10);\" class=\"titulo-entrada-archivo wp-block-post-title\"><a href=\"https:\/\/pluralizar.org\/index.php\/podcast\/1-capitulo-mentes-de-la-edad-de-piedra\/\" target=\"_self\" >1 Cap\u00edtulo: Mentes de la Edad de Piedra<\/a><\/h2>\n\n<div class=\"is-acf-field wp-block-mfb-meta-field-block\"><div class=\"value\"><iframe title=\"Spotify Embed: Mentes de la edad de piedra\" style=\"border-radius: 12px\" width=\"100%\" height=\"152\" frameborder=\"0\" allowfullscreen allow=\"autoplay; clipboard-write; encrypted-media; fullscreen; picture-in-picture\" loading=\"lazy\" src=\"https:\/\/open.spotify.com\/embed\/episode\/3kARdbPYDDUTYBm4wcWCgz?si=nujnNL_tR3mNiY1kykZvBQ&amp;utm_source=oembed\"><\/iframe><\/div><\/div>\n\n\n<div class=\"wp-block-columns is-layout-flex wp-container-core-columns-is-layout-28f84493 wp-block-columns-is-layout-flex\">\n<div class=\"wp-block-column caja-etiquetas has-border-color has-primary-border-color is-layout-flow wp-block-column-is-layout-flow\" style=\"border-style:solid;border-width:1px;padding-top:0.5rem;padding-right:0.5rem;padding-bottom:0.5rem;padding-left:0.5rem\"><div style=\"font-size:0.8rem;font-style:normal;font-weight:900;text-transform:uppercase\" class=\"taxonomy-category categorias-post wp-block-post-terms\"><a href=\"https:\/\/pluralizar.org\/index.php\/category\/podcast\/\" rel=\"tag\">Podcast<\/a><\/div><\/div>\n<\/div>\n<\/div>\n<\/div>\n<\/div>\n\n<\/li><\/ul>\n\n<\/div>\n","protected":false},"excerpt":{"rendered":"<p>Este podcast es una investigaci\u00f3n en vivo. Una investigaci\u00f3n sobre Neurodiversidad, Imaginaci\u00f3n Pol\u00edtica y Especulaci\u00f3n Cient\u00edfica. Este podcast se llama PLURALIZAR Pluralizar es tambi\u00e9n un Grupo de Estudios al interior del Departamento de Mediaciones y Subjetividades de la Universidad de Playa Ancha. Cada cap\u00edtulo contar\u00e1 con una pregunta que nos orientar\u00e1 y nos acompa\u00f1ar\u00e1 en [&hellip;]<\/p>\n","protected":false},"author":2,"featured_media":0,"parent":0,"menu_order":0,"comment_status":"closed","ping_status":"closed","template":"","meta":{"_acf_changed":false,"footnotes":""},"class_list":["post-475","page","type-page","status-publish","hentry"],"mb":[],"acf":[],"mfb_rest_fields":["title"],"_links":{"self":[{"href":"https:\/\/pluralizar.org\/index.php\/wp-json\/wp\/v2\/pages\/475","targetHints":{"allow":["GET"]}}],"collection":[{"href":"https:\/\/pluralizar.org\/index.php\/wp-json\/wp\/v2\/pages"}],"about":[{"href":"https:\/\/pluralizar.org\/index.php\/wp-json\/wp\/v2\/types\/page"}],"author":[{"embeddable":true,"href":"https:\/\/pluralizar.org\/index.php\/wp-json\/wp\/v2\/users\/2"}],"replies":[{"embeddable":true,"href":"https:\/\/pluralizar.org\/index.php\/wp-json\/wp\/v2\/comments?post=475"}],"version-history":[{"count":40,"href":"https:\/\/pluralizar.org\/index.php\/wp-json\/wp\/v2\/pages\/475\/revisions"}],"predecessor-version":[{"id":998,"href":"https:\/\/pluralizar.org\/index.php\/wp-json\/wp\/v2\/pages\/475\/revisions\/998"}],"wp:attachment":[{"href":"https:\/\/pluralizar.org\/index.php\/wp-json\/wp\/v2\/media?parent=475"}],"curies":[{"name":"wp","href":"https:\/\/api.w.org\/{rel}","templated":true}]}}

<p>Este podcast es una <em>investigación en vivo.</em></p>



<p>Una investigación sobre Neurodiversidad, Imaginación Política y Especulación Científica.</p>



<p>Este podcast se llama PLURALIZAR</p>



<p>Pluralizar es también un Grupo de Estudios al interior del Departamento de Mediaciones y Subjetividades de la Universidad de Playa Ancha.</p>



<p>Cada capítulo contará con una pregunta que nos orientará y nos acompañará en la exploración de los materiales para terminar cada episodio, no tanto con una respuesta, sino <em>con una mejor pregunta.</em></p>



<p>El primer episodio parte <em>en el medio</em> de lo que será nuestra inquietud a lo largo de los seis episodios de la temporada: la relación que la psiquiatría y la psicología evolucionista establecen entre grupos de humanos ancestrales y las categorías de neurodivergencia contemporáneas.</p>



<p>¿Cómo se arman esos puentes? ¿Cómo se describen los ambientes y grupos de hace más 40.000 años atrás? ¿Qué influencias tienen dichas narrativas sobre las comunidades y personas diagnosticadas o que reivindican condiciones como el Trastorno por Déficit de Atención o el Autismo?</p>



<p>Y se centra en la siguiente pregunta:</p>



<p>¿Qué relaciones habría entre grupos humanos ancestrales y nuestra constitución psíquica?</p>



<div class="wp-block-buttons is-layout-flex wp-block-buttons-is-layout-flex" style="padding-top:0;padding-bottom:0">
<div class="wp-block-button has-custom-width wp-block-button__width-50"><a class="wp-block-button__link has-base-color has-text-color has-link-color wp-element-button" href="https://open.spotify.com/show/6ZWT5vfqzbDEbkbMl3X5mk" style="padding-top:var(--wp--preset--spacing--20);padding-bottom:var(--wp--preset--spacing--20)">Ir al Podcast en Spotify</a></div>
</div>



<hr class="wp-block-separator has-alpha-channel-opacity is-style-wide" style="margin-bottom:var(--wp--preset--spacing--40)"/>



<div class="wp-block-query has-global-padding is-layout-constrained wp-block-query-is-layout-constrained"><ul class="columns-2 wp-block-post-template is-layout-grid wp-container-core-post-template-is-layout-d486d538 wp-block-post-template-is-layout-grid"><li class="wp-block-post post-999 podcast type-podcast status-publish format-standard hentry">

<div class="wp-block-group wow animate__animated animate__slideInUp entrada-archivo has-border-color has-primary-border-color has-base-background-color has-background has-global-padding is-layout-constrained wp-container-core-group-is-layout-b8e23c41 wp-block-group-is-layout-constrained" style="border-width:1px;border-radius:0px;margin-top:0;margin-bottom:var(--wp--preset--spacing--20);padding-top:var(--wp--preset--spacing--20);padding-right:var(--wp--preset--spacing--20);padding-bottom:var(--wp--preset--spacing--20);padding-left:var(--wp--preset--spacing--20)">
<div class="wp-block-group has-global-padding is-layout-constrained wp-container-core-group-is-layout-990378a1 wp-block-group-is-layout-constrained">


<div class="wp-block-group is-layout-flow wp-block-group-is-layout-flow" style="padding-right:0;padding-left:0"><h2 style="font-size:clamp(1.453rem, 1.453rem + ((1vw - 0.2rem) * 1.184), 2.4rem);font-style:normal;font-weight:700;line-height:1; padding-top:var(--wp--preset--spacing--10);padding-bottom:var(--wp--preset--spacing--10);" class="titulo-entrada-archivo wp-block-post-title"><a href="https://pluralizar.org/index.php/podcast/2-capitulo-como-monos-deprimidos/" target="_self" >2 Capítulo: Como monos deprimidos</a></h2>

<div class="is-acf-field wp-block-mfb-meta-field-block"><div class="value"><iframe title="Spotify Embed: Como monos deprimidos" style="border-radius: 12px" width="100%" height="152" frameborder="0" allowfullscreen allow="autoplay; clipboard-write; encrypted-media; fullscreen; picture-in-picture" loading="lazy" src="https://open.spotify.com/embed/episode/7uhgxxJDbczjWtP9kvHkQJ?si=HRvCP-TDSzC7R5bbyO2zZA&amp;utm_source=oembed"></iframe></div></div>


<div class="wp-block-columns is-layout-flex wp-container-core-columns-is-layout-28f84493 wp-block-columns-is-layout-flex">
<div class="wp-block-column caja-etiquetas has-border-color has-primary-border-color is-layout-flow wp-block-column-is-layout-flow" style="border-style:solid;border-width:1px;padding-top:0.5rem;padding-right:0.5rem;padding-bottom:0.5rem;padding-left:0.5rem"></div>
</div>
</div>
</div>
</div>

</li><li class="wp-block-post post-957 podcast type-podcast status-publish format-standard hentry category-podcast">

<div class="wp-block-group wow animate__animated animate__slideInUp entrada-archivo has-border-color has-primary-border-color has-base-background-color has-background has-global-padding is-layout-constrained wp-container-core-group-is-layout-b8e23c41 wp-block-group-is-layout-constrained" style="border-width:1px;border-radius:0px;margin-top:0;margin-bottom:var(--wp--preset--spacing--20);padding-top:var(--wp--preset--spacing--20);padding-right:var(--wp--preset--spacing--20);padding-bottom:var(--wp--preset--spacing--20);padding-left:var(--wp--preset--spacing--20)">
<div class="wp-block-group has-global-padding is-layout-constrained wp-container-core-group-is-layout-990378a1 wp-block-group-is-layout-constrained">


<div class="wp-block-group is-layout-flow wp-block-group-is-layout-flow" style="padding-right:0;padding-left:0"><h2 style="font-size:clamp(1.453rem, 1.453rem + ((1vw - 0.2rem) * 1.184), 2.4rem);font-style:normal;font-weight:700;line-height:1; padding-top:var(--wp--preset--spacing--10);padding-bottom:var(--wp--preset--spacing--10);" class="titulo-entrada-archivo wp-block-post-title"><a href="https://pluralizar.org/index.php/podcast/1-capitulo-mentes-de-la-edad-de-piedra/" target="_self" >1 Capítulo: Mentes de la Edad de Piedra</a></h2>

<div class="is-acf-field wp-block-mfb-meta-field-block"><div class="value"><iframe title="Spotify Embed: Mentes de la edad de piedra" style="border-radius: 12px" width="100%" height="152" frameborder="0" allowfullscreen allow="autoplay; clipboard-write; encrypted-media; fullscreen; picture-in-picture" loading="lazy" src="https://open.spotify.com/embed/episode/3kARdbPYDDUTYBm4wcWCgz?si=nujnNL_tR3mNiY1kykZvBQ&amp;utm_source=oembed"></iframe></div></div>


<div class="wp-block-columns is-layout-flex wp-container-core-columns-is-layout-28f84493 wp-block-columns-is-layout-flex">
<div class="wp-block-column caja-etiquetas has-border-color has-primary-border-color is-layout-flow wp-block-column-is-layout-flow" style="border-style:solid;border-width:1px;padding-top:0.5rem;padding-right:0.5rem;padding-bottom:0.5rem;padding-left:0.5rem"><div style="font-size:0.8rem;font-style:normal;font-weight:900;text-transform:uppercase" class="taxonomy-category categorias-post wp-block-post-terms"><a href="https://pluralizar.org/index.php/category/podcast/" rel="tag">Podcast</a></div></div>
</div>
</div>
</div>
</div>

</li></ul>

</div>

<p>Este podcast es una investigación en vivo. Una investigación sobre Neurodiversidad, Imaginación Política y Especulación Científica. Este podcast se llama PLURALIZAR Pluralizar es también un Grupo de Estudios al interior del Departamento de Mediaciones y Subjetividades de la Universidad de Playa Ancha. Cada capítulo contará con una pregunta que nos orientará y nos acompañará en [&hellip;]</p>
