
   {"id":459,"date":"2025-07-06T22:24:44","date_gmt":"2025-07-06T22:24:44","guid":{"rendered":"https:\/\/pluralizar.org\/?page_id=459"},"modified":"2025-11-29T21:01:15","modified_gmt":"2025-11-29T21:01:15","slug":"laminas-de-lecturas","status":"publish","type":"page","link":"https:\/\/pluralizar.org\/index.php\/materiales\/laminas-de-lecturas\/","title":{"rendered":"L\u00e1minas de Lecturas"},"content":{"rendered":"\n<div class=\"wp-block-query has-global-padding is-layout-constrained wp-container-core-query-is-layout-12243e0f wp-block-query-is-layout-constrained\"><ul class=\"columns-1 wp-block-post-template is-layout-grid wp-container-core-post-template-is-layout-33e7cd9c wp-block-post-template-is-layout-grid\"><li class=\"wp-block-post post-1001 post type-post status-publish format-standard hentry category-uncategorized\">\n\n<div class=\"wp-block-group wow animate__animated animate__slideInUp entrada-archivo has-border-color has-primary-border-color has-base-background-color has-background has-global-padding is-layout-constrained wp-container-core-group-is-layout-cadcbf36 wp-block-group-is-layout-constrained\" style=\"border-width:1px;border-radius:0px;margin-top:0;margin-bottom:var(--wp--preset--spacing--20);padding-top:var(--wp--preset--spacing--20);padding-right:var(--wp--preset--spacing--20);padding-bottom:var(--wp--preset--spacing--20);padding-left:var(--wp--preset--spacing--20)\">\n<div class=\"wp-block-group has-global-padding is-layout-constrained wp-container-core-group-is-layout-990378a1 wp-block-group-is-layout-constrained\">\n\n\n<div class=\"wp-block-group is-layout-flow wp-block-group-is-layout-flow\" style=\"padding-right:0;padding-left:0\"><h2 style=\"font-size:clamp(1.453rem, 1.453rem + ((1vw - 0.2rem) * 1.184), 2.4rem);font-style:normal;font-weight:700;line-height:1; padding-top:var(--wp--preset--spacing--10);padding-bottom:var(--wp--preset--spacing--10);\" class=\"titulo-entrada-archivo wp-block-post-title\"><a href=\"https:\/\/pluralizar.org\/index.php\/2026\/04\/24\/pharmacological-microcontroversies-and-civilizationalgrammars-around-adhd-in-chile\/\" target=\"_self\" >Pharmacological Microcontroversies and\u00a0CivilizationalGrammars Around ADHD in\u00a0Chile<\/a><\/h2>\n\n\n\n\n<div class=\"extracto-entrada-archivo wp-block-post-excerpt\"><p class=\"wp-block-post-excerpt__excerpt\">Radiszcz, E., Sir, H., &amp; Pinto, J. P. (2026). Pharmacological microcontroversies and civilizational grammars around ADHD in Chile. Culture, Medicine, and Psychiatry. 50:22. Resumen : Este art\u00edculo examina las microcontroversias farmacol\u00f3gicas (MCF) en torno al trastorno por d\u00e9ficit de atenci\u00f3n con hiperactividad (TDAH) en Chile, a partir de una etnograf\u00eda comparativa y multisituada en cuatro&hellip; <\/p><\/div>\n\n\n<div class=\"wp-block-columns is-layout-flex wp-container-core-columns-is-layout-28f84493 wp-block-columns-is-layout-flex\">\n<div class=\"wp-block-column caja-etiquetas has-border-color has-primary-border-color is-layout-flow wp-block-column-is-layout-flow\" style=\"border-style:solid;border-width:1px;padding-top:0.5rem;padding-right:0.5rem;padding-bottom:0.5rem;padding-left:0.5rem\"><div style=\"font-size:0.8rem;font-style:normal;font-weight:900;text-transform:uppercase\" class=\"taxonomy-category categorias-post wp-block-post-terms\"><a href=\"https:\/\/pluralizar.org\/index.php\/category\/uncategorized\/\" rel=\"tag\">Uncategorized<\/a><\/div><\/div>\n<\/div>\n<\/div>\n<\/div>\n<\/div>\n\n<\/li><\/ul>\n\n<\/div>\n","protected":false},"excerpt":{"rendered":"","protected":false},"author":2,"featured_media":0,"parent":448,"menu_order":0,"comment_status":"closed","ping_status":"closed","template":"","meta":{"_acf_changed":false,"footnotes":""},"class_list":["post-459","page","type-page","status-publish","hentry"],"mb":[],"acf":[],"mfb_rest_fields":["title"],"_links":{"self":[{"href":"https:\/\/pluralizar.org\/index.php\/wp-json\/wp\/v2\/pages\/459","targetHints":{"allow":["GET"]}}],"collection":[{"href":"https:\/\/pluralizar.org\/index.php\/wp-json\/wp\/v2\/pages"}],"about":[{"href":"https:\/\/pluralizar.org\/index.php\/wp-json\/wp\/v2\/types\/page"}],"author":[{"embeddable":true,"href":"https:\/\/pluralizar.org\/index.php\/wp-json\/wp\/v2\/users\/2"}],"replies":[{"embeddable":true,"href":"https:\/\/pluralizar.org\/index.php\/wp-json\/wp\/v2\/comments?post=459"}],"version-history":[{"count":3,"href":"https:\/\/pluralizar.org\/index.php\/wp-json\/wp\/v2\/pages\/459\/revisions"}],"predecessor-version":[{"id":863,"href":"https:\/\/pluralizar.org\/index.php\/wp-json\/wp\/v2\/pages\/459\/revisions\/863"}],"up":[{"embeddable":true,"href":"https:\/\/pluralizar.org\/index.php\/wp-json\/wp\/v2\/pages\/448"}],"wp:attachment":[{"href":"https:\/\/pluralizar.org\/index.php\/wp-json\/wp\/v2\/media?parent=459"}],"curies":[{"name":"wp","href":"https:\/\/api.w.org\/{rel}","templated":true}]}}