
   {"id":457,"date":"2025-07-06T22:24:01","date_gmt":"2025-07-06T22:24:01","guid":{"rendered":"https:\/\/pluralizar.org\/?page_id=457"},"modified":"2025-12-02T12:25:06","modified_gmt":"2025-12-02T12:25:06","slug":"entrevistas","status":"publish","type":"page","link":"https:\/\/pluralizar.org\/index.php\/materiales\/entrevistas\/","title":{"rendered":"Entrevistas"},"content":{"rendered":"\n<div class=\"wp-block-query has-global-padding is-layout-constrained wp-container-core-query-is-layout-12243e0f wp-block-query-is-layout-constrained\"><ul class=\"columns-1 wp-block-post-template is-layout-grid wp-container-core-post-template-is-layout-33e7cd9c wp-block-post-template-is-layout-grid\"><li class=\"wp-block-post post-902 entrevistas type-entrevistas status-publish format-standard hentry category-entrevista\">\n\n<div class=\"wp-block-group wow animate__animated animate__slideInUp entrada-archivo has-border-color has-primary-border-color has-base-background-color has-background has-global-padding is-layout-constrained wp-container-core-group-is-layout-cadcbf36 wp-block-group-is-layout-constrained\" style=\"border-width:1px;border-radius:0px;margin-top:0;margin-bottom:var(--wp--preset--spacing--20);padding-top:var(--wp--preset--spacing--20);padding-right:var(--wp--preset--spacing--20);padding-bottom:var(--wp--preset--spacing--20);padding-left:var(--wp--preset--spacing--20)\">\n<div class=\"wp-block-group has-global-padding is-layout-constrained wp-container-core-group-is-layout-990378a1 wp-block-group-is-layout-constrained\">\n\n\n<div class=\"wp-block-group is-layout-flow wp-block-group-is-layout-flow\" style=\"padding-right:0;padding-left:0\"><h2 style=\"font-size:clamp(1.453rem, 1.453rem + ((1vw - 0.2rem) * 1.184), 2.4rem);font-style:normal;font-weight:700;line-height:1; padding-top:var(--wp--preset--spacing--10);padding-bottom:var(--wp--preset--spacing--10);\" class=\"titulo-entrada-archivo wp-block-post-title\"><a href=\"https:\/\/pluralizar.org\/index.php\/entrevistas\/una-micropolitica-mas-fuerte-que-el-horror\/\" target=\"_self\" >Una micropoli\u0301tica ma\u0301s fuerte que el horror<\/a><\/h2>\n\n<div style=\"padding-bottom:var(--wp--preset--spacing--10);\" class=\"extracto-entrada-archivo wp-block-post-excerpt\"><p class=\"wp-block-post-excerpt__excerpt\">Entrevista a Erin Manning y Brian Massumi realizada en febrero de 2025 por Hugo Sir, para el colectivo\u00a0Vitrina Dyst\u00f3pica\u00a0(Chile). Esta entrevista fue realizada en febrero de 2025 por Hugo Sir, acad\u00e9mico de la Universidad de Playa Ancha y parte del colectivo Vitrina Dyst\u00f3pica. Las preguntas provienen de la reflexi\u00f3n colectiva en el seno de Vitrina,&hellip; <\/p><\/div>\n\n\n<div class=\"wp-block-columns is-layout-flex wp-container-core-columns-is-layout-28f84493 wp-block-columns-is-layout-flex\">\n<div class=\"wp-block-column caja-etiquetas has-border-color has-primary-border-color is-layout-flow wp-block-column-is-layout-flow\" style=\"border-style:solid;border-width:1px;padding-top:0.5rem;padding-right:0.5rem;padding-bottom:0.5rem;padding-left:0.5rem\"><div style=\"font-size:0.8rem;font-style:normal;font-weight:900;text-transform:uppercase\" class=\"taxonomy-category categorias-post wp-block-post-terms\"><a href=\"https:\/\/pluralizar.org\/index.php\/category\/entrevista\/\" rel=\"tag\">Entrevista<\/a><\/div><\/div>\n<\/div>\n<\/div>\n<\/div>\n<\/div>\n\n<\/li><\/ul>\n\n<\/div>\n","protected":false},"excerpt":{"rendered":"","protected":false},"author":2,"featured_media":0,"parent":448,"menu_order":0,"comment_status":"closed","ping_status":"closed","template":"","meta":{"_acf_changed":false,"footnotes":""},"class_list":["post-457","page","type-page","status-publish","hentry"],"mb":[],"acf":[],"mfb_rest_fields":["title"],"_links":{"self":[{"href":"https:\/\/pluralizar.org\/index.php\/wp-json\/wp\/v2\/pages\/457","targetHints":{"allow":["GET"]}}],"collection":[{"href":"https:\/\/pluralizar.org\/index.php\/wp-json\/wp\/v2\/pages"}],"about":[{"href":"https:\/\/pluralizar.org\/index.php\/wp-json\/wp\/v2\/types\/page"}],"author":[{"embeddable":true,"href":"https:\/\/pluralizar.org\/index.php\/wp-json\/wp\/v2\/users\/2"}],"replies":[{"embeddable":true,"href":"https:\/\/pluralizar.org\/index.php\/wp-json\/wp\/v2\/comments?post=457"}],"version-history":[{"count":8,"href":"https:\/\/pluralizar.org\/index.php\/wp-json\/wp\/v2\/pages\/457\/revisions"}],"predecessor-version":[{"id":932,"href":"https:\/\/pluralizar.org\/index.php\/wp-json\/wp\/v2\/pages\/457\/revisions\/932"}],"up":[{"embeddable":true,"href":"https:\/\/pluralizar.org\/index.php\/wp-json\/wp\/v2\/pages\/448"}],"wp:attachment":[{"href":"https:\/\/pluralizar.org\/index.php\/wp-json\/wp\/v2\/media?parent=457"}],"curies":[{"name":"wp","href":"https:\/\/api.w.org\/{rel}","templated":true}]}}

<div class="wp-block-query has-global-padding is-layout-constrained wp-container-core-query-is-layout-12243e0f wp-block-query-is-layout-constrained"><ul class="columns-1 wp-block-post-template is-layout-grid wp-container-core-post-template-is-layout-33e7cd9c wp-block-post-template-is-layout-grid"><li class="wp-block-post post-902 entrevistas type-entrevistas status-publish format-standard hentry category-entrevista">

<div class="wp-block-group wow animate__animated animate__slideInUp entrada-archivo has-border-color has-primary-border-color has-base-background-color has-background has-global-padding is-layout-constrained wp-container-core-group-is-layout-cadcbf36 wp-block-group-is-layout-constrained" style="border-width:1px;border-radius:0px;margin-top:0;margin-bottom:var(--wp--preset--spacing--20);padding-top:var(--wp--preset--spacing--20);padding-right:var(--wp--preset--spacing--20);padding-bottom:var(--wp--preset--spacing--20);padding-left:var(--wp--preset--spacing--20)">
<div class="wp-block-group has-global-padding is-layout-constrained wp-container-core-group-is-layout-990378a1 wp-block-group-is-layout-constrained">


<div class="wp-block-group is-layout-flow wp-block-group-is-layout-flow" style="padding-right:0;padding-left:0"><h2 style="font-size:clamp(1.453rem, 1.453rem + ((1vw - 0.2rem) * 1.184), 2.4rem);font-style:normal;font-weight:700;line-height:1; padding-top:var(--wp--preset--spacing--10);padding-bottom:var(--wp--preset--spacing--10);" class="titulo-entrada-archivo wp-block-post-title"><a href="https://pluralizar.org/index.php/entrevistas/una-micropolitica-mas-fuerte-que-el-horror/" target="_self" >Una micropolítica más fuerte que el horror</a></h2>

<div style="padding-bottom:var(--wp--preset--spacing--10);" class="extracto-entrada-archivo wp-block-post-excerpt"><p class="wp-block-post-excerpt__excerpt">Entrevista a Erin Manning y Brian Massumi realizada en febrero de 2025 por Hugo Sir, para el colectivo Vitrina Dystópica (Chile). Esta entrevista fue realizada en febrero de 2025 por Hugo Sir, académico de la Universidad de Playa Ancha y parte del colectivo Vitrina Dystópica. Las preguntas provienen de la reflexión colectiva en el seno de Vitrina,&hellip; </p></div>


<div class="wp-block-columns is-layout-flex wp-container-core-columns-is-layout-28f84493 wp-block-columns-is-layout-flex">
<div class="wp-block-column caja-etiquetas has-border-color has-primary-border-color is-layout-flow wp-block-column-is-layout-flow" style="border-style:solid;border-width:1px;padding-top:0.5rem;padding-right:0.5rem;padding-bottom:0.5rem;padding-left:0.5rem"><div style="font-size:0.8rem;font-style:normal;font-weight:900;text-transform:uppercase" class="taxonomy-category categorias-post wp-block-post-terms"><a href="https://pluralizar.org/index.php/category/entrevista/" rel="tag">Entrevista</a></div></div>
</div>
</div>
</div>
</div>

</li></ul>

</div>
