
   {"id":15,"date":"2025-05-24T19:55:22","date_gmt":"2025-05-24T19:55:22","guid":{"rendered":"https:\/\/pluralizar.org\/?page_id=15"},"modified":"2025-06-10T00:07:23","modified_gmt":"2025-06-10T00:07:23","slug":"chile","status":"publish","type":"page","link":"https:\/\/pluralizar.org\/index.php\/chile\/","title":{"rendered":"Sobre Nosotros \u2013 Chile"},"content":{"rendered":"\n<p>El llamado a pluralizar las maneras en que se entiende y se da cuenta del mundo une diversas aproximaciones interdisciplinarias actuales. En las fronteras de la academia, estos posicionamientos epistemol\u00f3gicos y metodol\u00f3gicos nos permiten reimaginar lo que las ciencias sociales tienen para decir y hacer frente a los desaf\u00edos contempor\u00e1neos.<\/p>\n\n\n\n<p>Desde la antropolog\u00eda anarquista de Clastres o Graeber, a la sociolog\u00eda y filosof\u00eda de la ciencia de Latour o z, pasando por la epistemolog\u00eda rebelde de Feyerabend y el pragmatismo especulativo contempor\u00e1neo de Stengers, Massumi, Manning o Savransky, lo que se pone en juego es la capacidad para interrumpir tanto el orden hegem\u00f3nico que nos dice qu\u00e9 somos o podemos ser, como una cr\u00edtica basada en alternativas dicot\u00f3micas (natural\/cultural; bueno\/malo; sano\/enfermo; normal\/anormal; nuevo\/viejo; etc.).<\/p>\n\n\n\n<p>En este grupo, buscaremos meternos en la complejidad de la neurodiversidad y otras subjetividades contempor\u00e1neas emergentes, las relaciones singulares que tienen con sus contextos institucionales y territoriales. Para ello, PLURALIZAR explorar\u00e1 pistas te\u00f3ricas fundamentales para construir investigaciones en salud mental hoy. Elementos de teor\u00eda pol\u00edtica contempor\u00e1nea, teor\u00eda de afectos, filosof\u00eda y sociolog\u00eda de la ciencia, as\u00ed como aproximaciones clave de las ciencias sociales de la salud mental, ser\u00e1n nuestros puntos de partida. En la medida que se arme un grupo con intereses e investigaciones, iremos sumando discusiones metodol\u00f3gicas y \u00e9ticas, para elaborar en conjunto formas de implicaci\u00f3n que est\u00e9n a la altura de los desaf\u00edos que nos convocan.<\/p>\n","protected":false},"excerpt":{"rendered":"<p>El llamado a pluralizar las maneras en que se entiende y se da cuenta del mundo une diversas aproximaciones interdisciplinarias actuales. En las fronteras de la academia, estos posicionamientos epistemol\u00f3gicos y metodol\u00f3gicos nos permiten reimaginar lo que las ciencias sociales tienen para decir y hacer frente a los desaf\u00edos contempor\u00e1neos. Desde la antropolog\u00eda anarquista de [&hellip;]<\/p>\n","protected":false},"author":2,"featured_media":0,"parent":0,"menu_order":0,"comment_status":"closed","ping_status":"closed","template":"","meta":{"_acf_changed":false,"footnotes":""},"class_list":["post-15","page","type-page","status-publish","hentry"],"mb":[],"acf":[],"mfb_rest_fields":["title"],"_links":{"self":[{"href":"https:\/\/pluralizar.org\/index.php\/wp-json\/wp\/v2\/pages\/15","targetHints":{"allow":["GET"]}}],"collection":[{"href":"https:\/\/pluralizar.org\/index.php\/wp-json\/wp\/v2\/pages"}],"about":[{"href":"https:\/\/pluralizar.org\/index.php\/wp-json\/wp\/v2\/types\/page"}],"author":[{"embeddable":true,"href":"https:\/\/pluralizar.org\/index.php\/wp-json\/wp\/v2\/users\/2"}],"replies":[{"embeddable":true,"href":"https:\/\/pluralizar.org\/index.php\/wp-json\/wp\/v2\/comments?post=15"}],"version-history":[{"count":6,"href":"https:\/\/pluralizar.org\/index.php\/wp-json\/wp\/v2\/pages\/15\/revisions"}],"predecessor-version":[{"id":1006,"href":"https:\/\/pluralizar.org\/index.php\/wp-json\/wp\/v2\/pages\/15\/revisions\/1006"}],"wp:attachment":[{"href":"https:\/\/pluralizar.org\/index.php\/wp-json\/wp\/v2\/media?parent=15"}],"curies":[{"name":"wp","href":"https:\/\/api.w.org\/{rel}","templated":true}]}}

<p>El llamado a pluralizar las maneras en que se entiende y se da cuenta del mundo une diversas aproximaciones interdisciplinarias actuales. En las fronteras de la academia, estos posicionamientos epistemológicos y metodológicos nos permiten reimaginar lo que las ciencias sociales tienen para decir y hacer frente a los desafíos contemporáneos.</p>



<p>Desde la antropología anarquista de Clastres o Graeber, a la sociología y filosofía de la ciencia de Latour o z, pasando por la epistemología rebelde de Feyerabend y el pragmatismo especulativo contemporáneo de Stengers, Massumi, Manning o Savransky, lo que se pone en juego es la capacidad para interrumpir tanto el orden hegemónico que nos dice qué somos o podemos ser, como una crítica basada en alternativas dicotómicas (natural/cultural; bueno/malo; sano/enfermo; normal/anormal; nuevo/viejo; etc.).</p>



<p>En este grupo, buscaremos meternos en la complejidad de la neurodiversidad y otras subjetividades contemporáneas emergentes, las relaciones singulares que tienen con sus contextos institucionales y territoriales. Para ello, PLURALIZAR explorará pistas teóricas fundamentales para construir investigaciones en salud mental hoy. Elementos de teoría política contemporánea, teoría de afectos, filosofía y sociología de la ciencia, así como aproximaciones clave de las ciencias sociales de la salud mental, serán nuestros puntos de partida. En la medida que se arme un grupo con intereses e investigaciones, iremos sumando discusiones metodológicas y éticas, para elaborar en conjunto formas de implicación que estén a la altura de los desafíos que nos convocan.</p>

<p>El llamado a pluralizar las maneras en que se entiende y se da cuenta del mundo une diversas aproximaciones interdisciplinarias actuales. En las fronteras de la academia, estos posicionamientos epistemológicos y metodológicos nos permiten reimaginar lo que las ciencias sociales tienen para decir y hacer frente a los desafíos contemporáneos. Desde la antropología anarquista de [&hellip;]</p>
