
   {"id":882,"date":"2025-11-30T13:03:55","date_gmt":"2025-11-30T13:03:55","guid":{"rendered":"https:\/\/pluralizar.org\/?post_type=capitulo_de_libro&#038;p=882"},"modified":"2025-11-30T13:03:56","modified_gmt":"2025-11-30T13:03:56","slug":"los-signos-exteriores-de-la-atencion-en-la-escuela-disciplina-acompanamiento-e-inquietud-posicional","status":"publish","type":"capitulo_de_libro","link":"https:\/\/pluralizar.org\/index.php\/capitulo_de_libro\/los-signos-exteriores-de-la-atencion-en-la-escuela-disciplina-acompanamiento-e-inquietud-posicional\/","title":{"rendered":"Los signos exteriores de la atenci\u00f3n en la escuela: disciplina, acompa\u00f1amiento e inquietud posicional"},"content":{"rendered":"\n<p><strong><em>Hugo Sir R., (2023). \u201cLos signos exteriores de la atenci\u00f3n en la escuela: disciplina, acompa\u00f1amiento e inquietud posicional\u201d [External Signs of Attention in School: Discipline, Support, and Positional Anxiety]. De Sousa Vi\u00e9gas, Lygia; De Oliveira, Elaine; Da Silva, H\u00e9lio (Eds.), Medicaliza\u00e7\u00e3o, a quem ser\u00e1 que se destina: desqualifica\u00e7\u00e3o do sujeito em tempos de neoliberalismo. Salvador de Bah\u00eda, Brasil: EDUFBA.<\/em><\/strong><\/p>\n\n\n\n<p>Este trabajo, compartido originalmente como ponencia en 2018, surge de reflexiones en torno a los distintos materiales producidos en la investigaci\u00f3n colectiva llevada a cabo por el Laboratorio Transdisciplinar en Pr\u00e1cticas Sociales y Subjetividad (LaPSoS) de la Universidad de Chile, focaliz\u00e1ndose en el an\u00e1lisis de una etnograf\u00eda realizada durante cuatro meses, en dos terceros y dos cuartos b\u00e1sicos, 1 en una escuela municipal de una comuna de clase media de Santiago de Chile. 2 A su vez recoge algunas aproximaciones conceptuales trabajadas.<\/p>\n\n\n\n<div class=\"wp-block-pdfjsblock-pdfjs-embed pdfjs-wrapper\"><\/div>\n","protected":false},"excerpt":{"rendered":"<p>Hugo Sir R., (2023). \u201cLos signos exteriores de la atenci\u00f3n en la escuela: disciplina, acompa\u00f1amiento e inquietud posicional\u201d [External Signs of Attention in School: Discipline, Support, and Positional Anxiety]. De Sousa Vi\u00e9gas, Lygia; De Oliveira, Elaine; Da Silva, H\u00e9lio (Eds.), Medicaliza\u00e7\u00e3o, a quem ser\u00e1 que se destina: desqualifica\u00e7\u00e3o do sujeito em tempos de neoliberalismo. Salvador [&hellip;]<\/p>\n","protected":false},"author":2,"featured_media":0,"menu_order":0,"template":"","format":"standard","meta":{"_acf_changed":true},"categories":[27],"tags":[],"class_list":["post-882","capitulo_de_libro","type-capitulo_de_libro","status-publish","format-standard","hentry","category-capitulos-de-libro"],"acf":{"autor_de_la_publicacion":{"simple_value_formatted":"Hugo Sir R.","value_formatted":"Hugo Sir R.","value":"Hugo Sir R.","field":{"ID":268,"key":"field_68497f4bb77ce","label":"Autor de la Publicaci\u00f3n","name":"autor_de_la_publicacion","aria-label":"","prefix":"acf","type":"text","value":null,"menu_order":0,"instructions":"","required":0,"id":"","class":"","conditional_logic":0,"parent":267,"wrapper":{"width":"","class":"","id":""},"default_value":"autor_de_la_publicacion","maxlength":"","allow_in_bindings":0,"placeholder":"","prepend":"","append":"","_name":"autor_de_la_publicacion","_valid":1}}},"_links":{"self":[{"href":"https:\/\/pluralizar.org\/index.php\/wp-json\/wp\/v2\/capitulo_de_libro\/882","targetHints":{"allow":["GET"]}}],"collection":[{"href":"https:\/\/pluralizar.org\/index.php\/wp-json\/wp\/v2\/capitulo_de_libro"}],"about":[{"href":"https:\/\/pluralizar.org\/index.php\/wp-json\/wp\/v2\/types\/capitulo_de_libro"}],"author":[{"embeddable":true,"href":"https:\/\/pluralizar.org\/index.php\/wp-json\/wp\/v2\/users\/2"}],"wp:attachment":[{"href":"https:\/\/pluralizar.org\/index.php\/wp-json\/wp\/v2\/media?parent=882"}],"wp:term":[{"taxonomy":"category","embeddable":true,"href":"https:\/\/pluralizar.org\/index.php\/wp-json\/wp\/v2\/categories?post=882"},{"taxonomy":"post_tag","embeddable":true,"href":"https:\/\/pluralizar.org\/index.php\/wp-json\/wp\/v2\/tags?post=882"}],"curies":[{"name":"wp","href":"https:\/\/api.w.org\/{rel}","templated":true}]}}

Los signos exteriores de la atención en la escuela: disciplina, acompañamiento e inquietud posicional

<p><strong><em>Hugo Sir R., (2023). “Los signos exteriores de la atención en la escuela: disciplina, acompañamiento e inquietud posicional” [External Signs of Attention in School: Discipline, Support, and Positional Anxiety]. De Sousa Viégas, Lygia; De Oliveira, Elaine; Da Silva, Hélio (Eds.), Medicalização, a quem será que se destina: desqualificação do sujeito em tempos de neoliberalismo. Salvador de Bahía, Brasil: EDUFBA.</em></strong></p>



<p>Este trabajo, compartido originalmente como ponencia en 2018, surge de reflexiones en torno a los distintos materiales producidos en la investigación colectiva llevada a cabo por el Laboratorio Transdisciplinar en Prácticas Sociales y Subjetividad (LaPSoS) de la Universidad de Chile, focalizándose en el análisis de una etnografía realizada durante cuatro meses, en dos terceros y dos cuartos básicos, 1 en una escuela municipal de una comuna de clase media de Santiago de Chile. 2 A su vez recoge algunas aproximaciones conceptuales trabajadas.</p>



<div class="wp-block-pdfjsblock-pdfjs-embed pdfjs-wrapper"></div>

<p>Hugo Sir R., (2023). “Los signos exteriores de la atención en la escuela: disciplina, acompañamiento e inquietud posicional” [External Signs of Attention in School: Discipline, Support, and Positional Anxiety]. De Sousa Viégas, Lygia; De Oliveira, Elaine; Da Silva, Hélio (Eds.), Medicalização, a quem será que se destina: desqualificação do sujeito em tempos de neoliberalismo. Salvador [&hellip;]</p>

Autor de la Publicación
