
   {"id":881,"date":"2025-11-30T13:01:00","date_gmt":"2025-11-30T13:01:00","guid":{"rendered":"https:\/\/pluralizar.org\/?post_type=capitulo_de_libro&#038;p=881"},"modified":"2025-11-30T13:02:16","modified_gmt":"2025-11-30T13:02:16","slug":"variations-sociales-et-nationales-autour-du-tda-h-familles-et-ecoles-au-chili-et-en-france","status":"publish","type":"capitulo_de_libro","link":"https:\/\/pluralizar.org\/index.php\/capitulo_de_libro\/variations-sociales-et-nationales-autour-du-tda-h-familles-et-ecoles-au-chili-et-en-france\/","title":{"rendered":"Variations sociales et nationales autour du TDA\/H. Familles et \u00e9coles au Chili et en France"},"content":{"rendered":"\n<p><strong><em>Hugo Sir R., Cottet P., Eideliman J-S., Fansten M., Radiszcz E., Velpry L., (2023) \u00ab Variations sociales et nationales autour du TDA\/H. Familles et \u00e9coles au Chili et en France \u00bb [Social and National Variations Around ADHD: Families and Schools in Chile and France], in Caliman L., Citton Y. &amp; Prado Martin M. R., L&#8217;attention m\u00e9dicament\u00e9e. La Ritaline \u00e0 l&#8217;\u00e9cole, Rennes, France: PUR.<\/em><\/strong><\/p>\n\n\n\n<div class=\"wp-block-pdfjsblock-pdfjs-embed pdfjs-wrapper\"><\/div>\n\n\n\n<p><\/p>\n","protected":false},"excerpt":{"rendered":"<p>Hugo Sir R., Cottet P., Eideliman J-S., Fansten M., Radiszcz E., Velpry L., (2023) \u00ab Variations sociales et nationales autour du TDA\/H. Familles et \u00e9coles au Chili et en France \u00bb [Social and National Variations Around ADHD: Families and Schools in Chile and France], in Caliman L., Citton Y. &amp; Prado Martin M. R., L&#8217;attention [&hellip;]<\/p>\n","protected":false},"author":2,"featured_media":0,"menu_order":0,"template":"","format":"standard","meta":{"_acf_changed":true},"categories":[27],"tags":[],"class_list":["post-881","capitulo_de_libro","type-capitulo_de_libro","status-publish","format-standard","hentry","category-capitulos-de-libro"],"acf":{"autor_de_la_publicacion":{"simple_value_formatted":"Hugo Sir R., Cottet P., Eideliman J-S., Fansten M., Radiszcz E., Velpry L.","value_formatted":"Hugo Sir R., Cottet P., Eideliman J-S., Fansten M., Radiszcz E., Velpry L.","value":"Hugo Sir R., Cottet P., Eideliman J-S., Fansten M., Radiszcz E., Velpry L.","field":{"ID":268,"key":"field_68497f4bb77ce","label":"Autor de la Publicaci\u00f3n","name":"autor_de_la_publicacion","aria-label":"","prefix":"acf","type":"text","value":null,"menu_order":0,"instructions":"","required":0,"id":"","class":"","conditional_logic":0,"parent":267,"wrapper":{"width":"","class":"","id":""},"default_value":"autor_de_la_publicacion","maxlength":"","allow_in_bindings":0,"placeholder":"","prepend":"","append":"","_name":"autor_de_la_publicacion","_valid":1}}},"_links":{"self":[{"href":"https:\/\/pluralizar.org\/index.php\/wp-json\/wp\/v2\/capitulo_de_libro\/881","targetHints":{"allow":["GET"]}}],"collection":[{"href":"https:\/\/pluralizar.org\/index.php\/wp-json\/wp\/v2\/capitulo_de_libro"}],"about":[{"href":"https:\/\/pluralizar.org\/index.php\/wp-json\/wp\/v2\/types\/capitulo_de_libro"}],"author":[{"embeddable":true,"href":"https:\/\/pluralizar.org\/index.php\/wp-json\/wp\/v2\/users\/2"}],"wp:attachment":[{"href":"https:\/\/pluralizar.org\/index.php\/wp-json\/wp\/v2\/media?parent=881"}],"wp:term":[{"taxonomy":"category","embeddable":true,"href":"https:\/\/pluralizar.org\/index.php\/wp-json\/wp\/v2\/categories?post=881"},{"taxonomy":"post_tag","embeddable":true,"href":"https:\/\/pluralizar.org\/index.php\/wp-json\/wp\/v2\/tags?post=881"}],"curies":[{"name":"wp","href":"https:\/\/api.w.org\/{rel}","templated":true}]}}

Variations sociales et nationales autour du TDA/H. Familles et écoles au Chili et en France

<p><strong><em>Hugo Sir R., Cottet P., Eideliman J-S., Fansten M., Radiszcz E., Velpry L., (2023) « Variations sociales et nationales autour du TDA/H. Familles et écoles au Chili et en France » [Social and National Variations Around ADHD: Families and Schools in Chile and France], in Caliman L., Citton Y. &amp; Prado Martin M. R., L&#8217;attention médicamentée. La Ritaline à l&#8217;école, Rennes, France: PUR.</em></strong></p>



<div class="wp-block-pdfjsblock-pdfjs-embed pdfjs-wrapper"></div>



<p></p>

<p>Hugo Sir R., Cottet P., Eideliman J-S., Fansten M., Radiszcz E., Velpry L., (2023) « Variations sociales et nationales autour du TDA/H. Familles et écoles au Chili et en France » [Social and National Variations Around ADHD: Families and Schools in Chile and France], in Caliman L., Citton Y. &amp; Prado Martin M. R., L&#8217;attention [&hellip;]</p>

Autor de la Publicación
