
   {"id":879,"date":"2025-11-30T12:55:15","date_gmt":"2025-11-30T12:55:15","guid":{"rendered":"https:\/\/pluralizar.org\/?post_type=capitulo_de_libro&#038;p=879"},"modified":"2025-11-30T12:56:51","modified_gmt":"2025-11-30T12:56:51","slug":"la-desgubernamentalizacion-del-malestar-racionalidades-logicas-y-disputas-en-la-produccion-de-la-verdad-medica","status":"publish","type":"capitulo_de_libro","link":"https:\/\/pluralizar.org\/index.php\/capitulo_de_libro\/la-desgubernamentalizacion-del-malestar-racionalidades-logicas-y-disputas-en-la-produccion-de-la-verdad-medica\/","title":{"rendered":"La (des)gubernamentalizaci\u00f3n del malestar. Racionalidades, l\u00f3gicas y disputas en la producci\u00f3n de la verdad m\u00e9dica"},"content":{"rendered":"\n<p><strong><em>Hugo Sir R., Cottet P., Eideliman J-S., Fansten M., Radiszcz E., Velpry L., (2023) \u00ab Variations sociales et nationales autour du TDA\/H. Familles et \u00e9coles au Chili et en France \u00bb [Social and National Variations Around ADHD: Families and Schools in Chile and France], in Caliman L., Citton Y. &amp; Prado Martin M. R., L&#8217;attention m\u00e9dicament\u00e9e. La Ritaline \u00e0 l&#8217;\u00e9cole, Rennes, France: PUR.<\/em><\/strong><\/p>\n\n\n\n<p>Cuando la noci\u00f3n de gubernamentalidad quiere decir algo, quiere decir un modo de ejercicio de poder. O quiz\u00e1 m\u00e1s precisamente, una manera de describirle. Una manera que interroga a partir pues de la idea de gobierno, como paso al exterior del Estado y sus tecnolog\u00edas (Foucault, 2006). Si es posible asociar la idea de gubernamentalizaci\u00f3n a las pr\u00e1cticas e instituciones de salud y enfermedad, es porque se asume, se supone o se sabe que, a trav\u00e9s de ellas, en ellas o por ellas, algo de aquello que signamos como poder se juega. \u00bfQuiere decir esto que la salud misma, los indicadores, los diagn\u00f3sticos, los cuidados, las mejor\u00edas o derrotas, las evidencias y las dudas, todo ello es apenas parte del ejercicio general de dominaci\u00f3n? \u00bfQu\u00e9 no habr\u00eda otra forma de concebir su operaci\u00f3n que bajo la figura de una directa funci\u00f3n opresiva o normalizadora?<\/p>\n\n\n\n<div class=\"wp-block-pdfjsblock-pdfjs-embed pdfjs-wrapper\"><\/div>\n\n\n\n<p><\/p>\n","protected":false},"excerpt":{"rendered":"<p>Hugo Sir R., Cottet P., Eideliman J-S., Fansten M., Radiszcz E., Velpry L., (2023) \u00ab Variations sociales et nationales autour du TDA\/H. Familles et \u00e9coles au Chili et en France \u00bb [Social and National Variations Around ADHD: Families and Schools in Chile and France], in Caliman L., Citton Y. &amp; Prado Martin M. R., L&#8217;attention [&hellip;]<\/p>\n","protected":false},"author":2,"featured_media":0,"menu_order":0,"template":"","format":"standard","meta":{"_acf_changed":true},"categories":[27],"tags":[],"class_list":["post-879","capitulo_de_libro","type-capitulo_de_libro","status-publish","format-standard","hentry","category-capitulos-de-libro"],"acf":{"autor_de_la_publicacion":{"simple_value_formatted":"Hugo Sir R. y Nicol\u00e1s Fuster S\u00e1nchez","value_formatted":"Hugo Sir R. y Nicol\u00e1s Fuster S\u00e1nchez","value":"Hugo Sir R. y Nicol\u00e1s Fuster S\u00e1nchez","field":{"ID":268,"key":"field_68497f4bb77ce","label":"Autor de la Publicaci\u00f3n","name":"autor_de_la_publicacion","aria-label":"","prefix":"acf","type":"text","value":null,"menu_order":0,"instructions":"","required":0,"id":"","class":"","conditional_logic":0,"parent":267,"wrapper":{"width":"","class":"","id":""},"default_value":"autor_de_la_publicacion","maxlength":"","allow_in_bindings":0,"placeholder":"","prepend":"","append":"","_name":"autor_de_la_publicacion","_valid":1}}},"_links":{"self":[{"href":"https:\/\/pluralizar.org\/index.php\/wp-json\/wp\/v2\/capitulo_de_libro\/879","targetHints":{"allow":["GET"]}}],"collection":[{"href":"https:\/\/pluralizar.org\/index.php\/wp-json\/wp\/v2\/capitulo_de_libro"}],"about":[{"href":"https:\/\/pluralizar.org\/index.php\/wp-json\/wp\/v2\/types\/capitulo_de_libro"}],"author":[{"embeddable":true,"href":"https:\/\/pluralizar.org\/index.php\/wp-json\/wp\/v2\/users\/2"}],"wp:attachment":[{"href":"https:\/\/pluralizar.org\/index.php\/wp-json\/wp\/v2\/media?parent=879"}],"wp:term":[{"taxonomy":"category","embeddable":true,"href":"https:\/\/pluralizar.org\/index.php\/wp-json\/wp\/v2\/categories?post=879"},{"taxonomy":"post_tag","embeddable":true,"href":"https:\/\/pluralizar.org\/index.php\/wp-json\/wp\/v2\/tags?post=879"}],"curies":[{"name":"wp","href":"https:\/\/api.w.org\/{rel}","templated":true}]}}

La (des)gubernamentalización del malestar. Racionalidades, lógicas y disputas en la producción de la verdad médica

<p><strong><em>Hugo Sir R., Cottet P., Eideliman J-S., Fansten M., Radiszcz E., Velpry L., (2023) « Variations sociales et nationales autour du TDA/H. Familles et écoles au Chili et en France » [Social and National Variations Around ADHD: Families and Schools in Chile and France], in Caliman L., Citton Y. &amp; Prado Martin M. R., L&#8217;attention médicamentée. La Ritaline à l&#8217;école, Rennes, France: PUR.</em></strong></p>



<p>Cuando la noción de gubernamentalidad quiere decir algo, quiere decir un modo de ejercicio de poder. O quizá más precisamente, una manera de describirle. Una manera que interroga a partir pues de la idea de gobierno, como paso al exterior del Estado y sus tecnologías (Foucault, 2006). Si es posible asociar la idea de gubernamentalización a las prácticas e instituciones de salud y enfermedad, es porque se asume, se supone o se sabe que, a través de ellas, en ellas o por ellas, algo de aquello que signamos como poder se juega. ¿Quiere decir esto que la salud misma, los indicadores, los diagnósticos, los cuidados, las mejorías o derrotas, las evidencias y las dudas, todo ello es apenas parte del ejercicio general de dominación? ¿Qué no habría otra forma de concebir su operación que bajo la figura de una directa función opresiva o normalizadora?</p>



<div class="wp-block-pdfjsblock-pdfjs-embed pdfjs-wrapper"></div>



<p></p>

<p>Hugo Sir R., Cottet P., Eideliman J-S., Fansten M., Radiszcz E., Velpry L., (2023) « Variations sociales et nationales autour du TDA/H. Familles et écoles au Chili et en France » [Social and National Variations Around ADHD: Families and Schools in Chile and France], in Caliman L., Citton Y. &amp; Prado Martin M. R., L&#8217;attention [&hellip;]</p>

Hugo Sir R. y Nicolás Fuster Sánchez

Autor de la Publicación
