
   {"id":891,"date":"2025-11-30T13:19:31","date_gmt":"2025-11-30T13:19:31","guid":{"rendered":"https:\/\/pluralizar.org\/?post_type=articulos&#038;p=891"},"modified":"2025-11-30T13:19:31","modified_gmt":"2025-11-30T13:19:31","slug":"the-multiple-meanings-of-adhd-between-deficit-disruption-and-hidden-potential","status":"publish","type":"articulos","link":"https:\/\/pluralizar.org\/index.php\/articulos\/the-multiple-meanings-of-adhd-between-deficit-disruption-and-hidden-potential\/","title":{"rendered":"The multiple meanings of ADHD: between deficit, disruption and hidden potential"},"content":{"rendered":"\n<p><strong><em>Jim\u00e9nez, \u00c1lvaro; Le Goff, Alice; B\u00e9liard, Aude; D\u00edaz-Vald\u00e9s, Javiera; Mougel, Sarra; Sir, Hugo. (2019). \u201cThe multiple meanings of ADHD: between deficit, disruption and hidden potential\u201d. Saude e Sociedade. 28(1): 55-74.<\/em><\/strong><\/p>\n\n\n\n<p><strong>Abstract:<\/strong> The purpose of this article is to describe the subjective experience of the diagnosis of Attention Deficit and Hyperactivity Disorder (ADHD) and the cultural meanings that shape this experience. Based on interviews and discussion groups with diagnosed people and their families in Chile and France, this article show that ADHD can acquire multiple meanings. From a thematic analysis, we identifed three registers or ways of living and thinking about ADHD. In the defcit register, the disorder is experienced primarily as a failure of certain abilities. In the disruption register, the disorder is experienced as disrupting the person\u2019s life, personality and interactions, which must then be normalized. In the register of hidden potential, on which this article focuses, ADHD is simultaneously thought of as a diffcult and valuable condition, a source of exceptional capacities that are often hidden in the ordinary functioning of social life. We therefore invite reflection that identifies the factors of mobilization or non-mobilization of the hidden potential register, with particular emphasis not only on relational confgurations, socio-economic variables, and the gender variable, but also on the institutional and political context of each country.<\/p>\n\n\n\n<p><strong>Resumen:<\/strong> El prop\u00f3sito de este art\u00edculo es describir la experiencia subjetiva del diagn\u00f3stico de Trastorno por D\u00e9ficit de Atenci\u00f3n con Hiperactividad (TDAH) y los significados culturales que modelan dicha experiencia. Basado en entrevistas y grupos de discusi\u00f3n con personas diagnosticadas y sus familias en Chile y Francia, este art\u00edculo muestra que el TDAH puede adquirir m\u00faltiples significados. A partir de un an\u00e1lisis tem\u00e1tico, identificamos tres registros o formas de vivir y pensar el TDAH. En el <strong>registro del d\u00e9ficit<\/strong>, el trastorno se experimenta principalmente como una falla de ciertas capacidades. En el <strong>registro de la perturbaci\u00f3n<\/strong>, el trastorno se vive como una disrupci\u00f3n de la vida, la personalidad y las interacciones de la persona, las cuales deben ser luego normalizadas. En el <strong>registro del potencial oculto<\/strong>, sobre el cual se centra este art\u00edculo, el TDAH es pensado simult\u00e1neamente como una condici\u00f3n dif\u00edcil y valiosa, una fuente de capacidades excepcionales que a menudo permanecen ocultas en el funcionamiento ordinario de la vida social. Invitamos, por tanto, a una reflexi\u00f3n que identifique los factores que permiten o impiden la movilizaci\u00f3n del registro del potencial oculto, con especial \u00e9nfasis no solo en las configuraciones relacionales, las variables socioecon\u00f3micas y de g\u00e9nero, sino tambi\u00e9n en el contexto institucional y pol\u00edtico de cada pa\u00eds.<\/p>\n\n\n\n<div class=\"wp-block-pdfjsblock-pdfjs-embed pdfjs-wrapper\"><\/div>\n","protected":false},"excerpt":{"rendered":"<p>Jim\u00e9nez, \u00c1lvaro; Le Goff, Alice; B\u00e9liard, Aude; D\u00edaz-Vald\u00e9s, Javiera; Mougel, Sarra; Sir, Hugo. (2019). \u201cThe multiple meanings of ADHD: between deficit, disruption and hidden potential\u201d. Saude e Sociedade. 28(1): 55-74. Abstract: The purpose of this article is to describe the subjective experience of the diagnosis of Attention Deficit and Hyperactivity Disorder (ADHD) and the cultural [&hellip;]<\/p>\n","protected":false},"author":2,"featured_media":0,"menu_order":0,"template":"","format":"standard","meta":{"_acf_changed":true},"categories":[23],"tags":[],"class_list":["post-891","articulos","type-articulos","status-publish","format-standard","hentry","category-articulos"],"acf":{"autor_de_la_publicacion":{"simple_value_formatted":"Jim\u00e9nez, \u00c1lvaro; Le Goff, Alice; B\u00e9liard, Aude; D\u00edaz-Vald\u00e9s, Javiera; Mougel, Sarra; Sir, Hugo","value_formatted":"Jim\u00e9nez, \u00c1lvaro; Le Goff, Alice; B\u00e9liard, Aude; D\u00edaz-Vald\u00e9s, Javiera; Mougel, Sarra; Sir, Hugo","value":"Jim\u00e9nez, \u00c1lvaro; Le Goff, Alice; B\u00e9liard, Aude; D\u00edaz-Vald\u00e9s, Javiera; Mougel, Sarra; Sir, Hugo","field":{"ID":268,"key":"field_68497f4bb77ce","label":"Autor de la Publicaci\u00f3n","name":"autor_de_la_publicacion","aria-label":"","prefix":"acf","type":"text","value":null,"menu_order":0,"instructions":"","required":0,"id":"","class":"","conditional_logic":0,"parent":267,"wrapper":{"width":"","class":"","id":""},"default_value":"autor_de_la_publicacion","maxlength":"","allow_in_bindings":0,"placeholder":"","prepend":"","append":"","_name":"autor_de_la_publicacion","_valid":1}}},"_links":{"self":[{"href":"https:\/\/pluralizar.org\/index.php\/wp-json\/wp\/v2\/articulos\/891","targetHints":{"allow":["GET"]}}],"collection":[{"href":"https:\/\/pluralizar.org\/index.php\/wp-json\/wp\/v2\/articulos"}],"about":[{"href":"https:\/\/pluralizar.org\/index.php\/wp-json\/wp\/v2\/types\/articulos"}],"author":[{"embeddable":true,"href":"https:\/\/pluralizar.org\/index.php\/wp-json\/wp\/v2\/users\/2"}],"wp:attachment":[{"href":"https:\/\/pluralizar.org\/index.php\/wp-json\/wp\/v2\/media?parent=891"}],"wp:term":[{"taxonomy":"category","embeddable":true,"href":"https:\/\/pluralizar.org\/index.php\/wp-json\/wp\/v2\/categories?post=891"},{"taxonomy":"post_tag","embeddable":true,"href":"https:\/\/pluralizar.org\/index.php\/wp-json\/wp\/v2\/tags?post=891"}],"curies":[{"name":"wp","href":"https:\/\/api.w.org\/{rel}","templated":true}]}}

<p><strong><em>Jiménez, Álvaro; Le Goff, Alice; Béliard, Aude; Díaz-Valdés, Javiera; Mougel, Sarra; Sir, Hugo. (2019). “The multiple meanings of ADHD: between deficit, disruption and hidden potential”. Saude e Sociedade. 28(1): 55-74.</em></strong></p>



<p><strong>Abstract:</strong> The purpose of this article is to describe the subjective experience of the diagnosis of Attention Deficit and Hyperactivity Disorder (ADHD) and the cultural meanings that shape this experience. Based on interviews and discussion groups with diagnosed people and their families in Chile and France, this article show that ADHD can acquire multiple meanings. From a thematic analysis, we identifed three registers or ways of living and thinking about ADHD. In the defcit register, the disorder is experienced primarily as a failure of certain abilities. In the disruption register, the disorder is experienced as disrupting the person’s life, personality and interactions, which must then be normalized. In the register of hidden potential, on which this article focuses, ADHD is simultaneously thought of as a diffcult and valuable condition, a source of exceptional capacities that are often hidden in the ordinary functioning of social life. We therefore invite reflection that identifies the factors of mobilization or non-mobilization of the hidden potential register, with particular emphasis not only on relational confgurations, socio-economic variables, and the gender variable, but also on the institutional and political context of each country.</p>



<p><strong>Resumen:</strong> El propósito de este artículo es describir la experiencia subjetiva del diagnóstico de Trastorno por Déficit de Atención con Hiperactividad (TDAH) y los significados culturales que modelan dicha experiencia. Basado en entrevistas y grupos de discusión con personas diagnosticadas y sus familias en Chile y Francia, este artículo muestra que el TDAH puede adquirir múltiples significados. A partir de un análisis temático, identificamos tres registros o formas de vivir y pensar el TDAH. En el <strong>registro del déficit</strong>, el trastorno se experimenta principalmente como una falla de ciertas capacidades. En el <strong>registro de la perturbación</strong>, el trastorno se vive como una disrupción de la vida, la personalidad y las interacciones de la persona, las cuales deben ser luego normalizadas. En el <strong>registro del potencial oculto</strong>, sobre el cual se centra este artículo, el TDAH es pensado simultáneamente como una condición difícil y valiosa, una fuente de capacidades excepcionales que a menudo permanecen ocultas en el funcionamiento ordinario de la vida social. Invitamos, por tanto, a una reflexión que identifique los factores que permiten o impiden la movilización del registro del potencial oculto, con especial énfasis no solo en las configuraciones relacionales, las variables socioeconómicas y de género, sino también en el contexto institucional y político de cada país.</p>



<div class="wp-block-pdfjsblock-pdfjs-embed pdfjs-wrapper"></div>

<p>Jiménez, Álvaro; Le Goff, Alice; Béliard, Aude; Díaz-Valdés, Javiera; Mougel, Sarra; Sir, Hugo. (2019). “The multiple meanings of ADHD: between deficit, disruption and hidden potential”. Saude e Sociedade. 28(1): 55-74. Abstract: The purpose of this article is to describe the subjective experience of the diagnosis of Attention Deficit and Hyperactivity Disorder (ADHD) and the cultural [&hellip;]</p>

Jiménez, Álvaro; Le Goff, Alice; Béliard, Aude; Díaz-Valdés, Javiera; Mougel, Sarra; Sir, Hugo

Autor de la Publicación
